*r + 7. Let a(g) = g**3 - 7*g**2 - 12*g + 23. What are the prime factors of a(w)?
7, 11
Let k(v) = -2*v - 10*v + 3 + 11*v. Let l be k(3). Suppose -42*c + 39*c + 93 = l. What are the prime factors of c?
31
Let o = 9383 - 7342. What are the prime factors of o?
13, 157
Let t(u) = -3*u - 76. Let s be t(-18). Suppose 100 = -3*z - 275. Let h = s - z. List the prime factors of h.
103
Let n be (-22776)/(-16) + (-6)/12. Let x = n + -124. List the prime factors of x.
3, 433
Let r be (-3)/30*5*(-197 + -1). Suppose r*m = 98*m + 38. What are the prime factors of m?
2, 19
Suppose 6 = -d + 5*b, -4*b = 2*d - 3*b - 10. Let a(o) = 9*o + 161. Let l be a(-17). Suppose -l*s = -d*s - 64. List the prime factors of s.
2
Let x = 0 - -2. Suppose 0 = -j + x*j + 30. List the prime factors of 12/j - (1 - (-1032)/(-5)).
5, 41
Let d(m) = 46*m**2 - 114*m - 2867. List the prime factors of d(-29).
5, 313
Suppose 8*d - 2 - 38 = 0. List the prime factors of 3/(d*5/1025).
3, 41
What are the prime factors of 16/(-6) - 135712/(-96)?
17, 83
Suppose -32155 = -16*y - 43*y. Let z = 1118 - y. List the prime factors of z.
3, 191
Suppose -o - 3026 = -5*z, 5*z - 1627 = -2*o + 1411. Suppose -2*i = -z - 40. What are the prime factors of i?
17, 19
Let j = 1615 + -935. Let h = j + -140. Suppose 3*t = -t + h. What are the prime factors of t?
3, 5
Let k(m) = -224*m - 29. What are the prime factors of k(-13)?
3, 31
What are the prime factors of (-77 - 64/(-8))*522/(-4)*2?
3, 23, 29
Suppose -3*z + 3*x + 1 - 4 = 0, 3*z - 17 = -2*x. Suppose 3*i - 19 = -2*j, -13 + 33 = 4*i. Suppose 0 = z*r + r - 16, 158 = h + j*r. List the prime factors of h.
2, 3, 5
Let y(z) = -265*z**3 + 10*z**2 - 2*z - 4. List the prime factors of y(-2).
2, 3, 5
List the prime factors of 502420/(-5)*(-3 - 143/(-52)).
25121
Let w be 0/(7 - 1)*1/1. Suppose 5*b - 2198 = s, 4*b - 1753 = -s - w*s. What are the prime factors of b?
439
Let j = -11725 + 11821. Let r be 0/(-1 + 3/1). Suppose 3*w = 2*w, i - w - j = r. What are the prime factors of i?
2, 3
Suppose -5*o + 19 + 11 = -n, -4*n - 3*o = 28. Let z be 5 - 2 - (n - -11). Suppose 0 = p - 5*v - 211, z*p + p - 671 = -4*v. List the prime factors of p.
13, 17
Suppose -4 = -4*c, 9*p - 5*c - 418 = 6*p. Let a be -1 - (63 + 0) - 2. Let y = p + a. What are the prime factors of y?
3, 5
Let t(q) = 4*q - 22. Let b be t(6). Suppose -b*n + 0*n + 2*v + 756 = 0, 0 = 3*n - 5*v - 1124. What are the prime factors of n?
383
Let c(b) = 12*b - 35. Let t be c(9). Let v = 79 - t. Suppose -5*x - 60 = -v*x. What are the prime factors of x?
2, 3, 5
Let o(g) = 3265*g - 4631. What are the prime factors of o(24)?
17, 4337
Let m be (-2)/((-28)/8 - -3). Suppose 0 = -p - 2*p + 294. Let j = p + m. What are the prime factors of j?
2, 3, 17
Suppose 16260 = -4*n + 9*n. Suppose 0 = 39*r - 27*r - n. List the prime factors of r.
271
Let s(j) = -j - 4. Let i be s(2). Let g be 1360/30*i/(-4). Suppose -g = -4*z + f, -2*z - 6*f = -f - 56. What are the prime factors of z?
2, 3
Let s be (-15)/((5/20)/(46/(-8))). Suppose -s = -5*o + 9*f - 4*f, 3*o + 4*f - 221 = 0. List the prime factors of o.
71
Suppose -3*r = o - 35195, 7*o - 5*r + 146229 = 392490. What are the prime factors of o?
151, 233
Suppose -111997 = -244*b + 281575. List the prime factors of b.
1613
Let x be (-4 - -3) + 16365/5. Suppose -x - 337 = -9*v. List the prime factors of v.
401
Let p(z) = 547*z - 20. Let d be p(10). Suppose 6*i = -4*i - d. Let b = -366 - i. List the prime factors of b.
179
Suppose 2*h - 10 = 0, 19*q - 17*q - 224 = -2*h. Let a(d) = 2*d**2 - 4*d + 3. Let y be a(2). Suppose 133 = y*x - q. What are the prime factors of x?
2, 5
Let m = 14280 - 3021. What are the prime factors of m?
3, 139
List the prime factors of 106564/22 + (-306)/(-1683).
2, 7, 173
Suppose -8 + 0 = 3*y + 5*z, -8 = 2*z. What are the prime factors of (602/y)/(1/4)?
2, 7, 43
Suppose 3*b - 2303 = -2*o - 3*o, 3*o - 1393 = b. Let a = 678 - o. Suppose 0 = 19*k - 14*k - a. What are the prime factors of k?
43
Let y(r) = 1118*r + 904. List the prime factors of y(13).
2, 3, 31, 83
Suppose 2*q - 2*x = 4, -3*x + 31 - 5 = 5*q. Suppose -8*k = -119 - 105. Let m = q + k. List the prime factors of m.
2
Let l be (2 - 81/12)/(8/32). Let c be l + 16 - (-1 + (-14)/2). What are the prime factors of 2 + c - 5 - -181?
3, 61
Let z be (0 + 2)*12/(-3 - 0). Let a(o) = o**3 + 15*o**2 - 31*o - 180. List the prime factors of a(z).
2, 3, 43
Let t be 3/(-6) - 42036/(-24). Let b = t + -403. List the prime factors of b.
2, 337
Let u = 34874 + -28924. What are the prime factors of u?
2, 5, 7, 17
Suppose -5*q + 55 = -2*a, 0*q + 3*q + 135 = -3*a. Let r be (44/(-5))/(2/a). Suppose -3*i - r = -5*y + 407, -4*i + 112 = y. List the prime factors of y.
2, 29
Suppose 152*t - 217*t + 226460 = 0. What are the prime factors of t?
2, 13, 67
Let n = 194 + -189. Suppose 3*b + 2*b - 1400 = -3*s, -2*b + n*s + 591 = 0. List the prime factors of b.
283
Suppose x + 711 = 3*s - 172, 3*s = -2*x + 880. Suppose 0 = 2*q - 5*i - s, -4*q - 5*i = -42 - 516. What are the prime factors of q?
2, 71
Let j(l) = l**2 + l + 1. Let b(f) = -4*f**2 - 12*f - 19. Let u(r) = -b(r) - 3*j(r). List the prime factors of u(-30).
2, 17, 19
Let d(f) = -f**3 + 26*f**2 + 24*f + 86. Let q be d(27). Let t(y) = -2*y**3 + 13*y**2 - 13*y + 9. List the prime factors of t(q).
19
Let k = 5 - 13. Let c be (-5)/(10/(-8))*11/(-11). List the prime factors of 1*(-1 - c - k).
11
Let k = 3067 + 912. What are the prime factors of k?
23, 173
Let g(f) = -10 - 39*f - 55*f + 15*f - 20*f. Let w(p) = -50*p - 5. Let r(u) = -3*g(u) + 5*w(u). What are the prime factors of r(1)?
2, 13
Let o = -1500 + 2032. What are the prime factors of o?
2, 7, 19
Suppose -1 = i, -f + 7*i = 5*i - 1856. What are the prime factors of f?
2, 3, 103
Suppose -2*b - 24206 = -3*u, -2*u = 2*u + 3*b - 32286. Let o be u/24 - (-1)/(-4). Let c = -212 + o. What are the prime factors of c?
2, 31
Suppose 34*m - 78*m + 147532 = 0. List the prime factors of m.
7, 479
Let d = 23 - -130. Let l = 186 - d. What are the prime factors of l?
3, 11
Suppose -4*g = -10*g + 39051 - 6465. What are the prime factors of g?
5431
Suppose 0 = 213*c - 805809 - 8773653. List the prime factors of c.
2, 113, 199
Let n(g) = 2510*g**3 - 4*g**2 - 160*g + 330. List the prime factors of n(2).
2, 10037
What are the prime factors of 1999039/(-706)*12/(-14)?
3, 809
Let t = -736 + -1302. List the prime factors of t/(-6) + 28/21.
11, 31
Let q = 9657 - 6639. List the prime factors of q.
2, 3, 503
Let w be (-2)/18*(5 + -2)*-18. Let k(v) = -v. Let d(r) = 36*r + 4. Let f(s) = w*k(s) + d(s). List the prime factors of f(3).
2, 47
Suppose 0 = 2*b - 3*f - 40264, -4*f + 13068 + 7075 = b. What are the prime factors of b?
5, 4027
Suppose 2*g - g = -4*b + 6, -2*b = -2. Suppose -5*d = -51 - 9. Suppose 54 + d = n + g*h, -n + 3*h = -61. List the prime factors of n.
2
Suppose q = 14*q + 104. Let h(s) = s**2 - 15*s - 143. List the prime factors of h(q).
41
Suppose -45*z + 40*z - 930 = 0. Let r = z - -211. List the prime factors of r.
5
Let j(c) = -5*c + 24. Let f be j(14). Let h = 58 + f. What are the prime factors of 9/h + 111/12?
2, 5
Suppose -1929406 = -199*g + 57*g - 483136. What are the prime factors of g?
3, 5, 7, 97
Let g(f) = f**2 - 22. Let v be g(5). Suppose 2*b = 5*m + 859, -2*m = v*b + 3*m - 1351. What are the prime factors of b?
2, 13, 17
Suppose -8946 = -3*t + 4*h, 11985 = -39*t + 43*t + h. List the prime factors of t.
2, 3, 499
Let w(o) = 2*o**3 + o**2 - 23*o - 4. Let c be -3 - (16/40 - 37/5). List the prime factors of w(c).
2, 3
Let v = -17031 - -31050. What are the prime factors of v?
3, 4673
Let p(q) = 1677*q**2 - 5*q - 4. Let o be p(5). Suppose o = 64*j - 60248. List the prime factors of j.
2, 3, 7, 19
List the prime factors of (-142)/(-1420) + 6/(-40)*-601366.
5, 18041
Let t(u) = 1186*u - 2279. What are the prime factors of t(8)?
3, 89
Let y = -1208 + 54. Let v = y + 3036. List the prime factors of v.
2, 941
List the prime factors of (-259767)/(-45) + (-5)/((-75)/21).
2, 2887
Suppose -18*v - 109*v + 92466 = -1065520. List the prime factors of v.
2, 47, 97
Let v = -2722 - -1752. Let z = 1786 + v. What are the prime factors of z?
2, 3, 17
Let a(r) be the second derivative of 10*r + 2*r**2 + 9/2*r**3 - 3/4*r**4 + 1/20*r**5 + 0. List the prime factors of 